{"id":30,"date":"2026-04-19T00:27:41","date_gmt":"2026-04-19T00:27:41","guid":{"rendered":"https:\/\/distribuidoravien.com.mx\/?page_id=30"},"modified":"2026-04-19T00:27:42","modified_gmt":"2026-04-19T00:27:42","slug":"quienes-somos","status":"publish","type":"page","link":"https:\/\/distribuidoravien.com.mx\/?page_id=30","title":{"rendered":"Quienes Somos"},"content":{"rendered":"\n<p class=\"has-text-align-center\"><strong>Distribuidora VIEN es una empresa Enfocada en la distribuci\u00f3n de Soluciones especializadas para la industria\u00a0\u00a0de la construcci\u00f3n, infraestructura y rehabilitaci\u00f3n Estructural.<\/strong><\/p>\n\n\n\n<p class=\"has-text-align-center\"><strong>Trabajamos con productos de alto desempe\u00f1o Dise\u00f1ados para cumplir est\u00e1ndares t\u00e9cnicos exigentes<\/strong><\/p>\n\n\n\n<p class=\"has-text-align-center\"><strong>Ofreciendo a nuestros clientes respaldo profesional, Atenci\u00f3n personalizada y respuesta oportuna en cada proyecto.<\/strong><\/p>\n\n\n\n<p class=\"has-text-align-center\"><strong>Nuestro enfoque combina conocimiento operativo y visi\u00f3n estrat\u00e9gica, permiti\u00e9ndonos participar en obras que demandan calidad, eficiencia y confiabilidad estructural<\/strong><\/p>\n\n\n<div class=\"wp-block-image\">\n<figure class=\"aligncenter size-full is-resized\"><img loading=\"lazy\" decoding=\"async\" width=\"544\" height=\"248\" src=\"http:\/\/distribuidoravien.com.mx\/wp-content\/uploads\/2026\/04\/logovien.png\" alt=\"\" class=\"wp-image-10\" style=\"width:297px;height:auto\" srcset=\"https:\/\/distribuidoravien.com.mx\/wp-content\/uploads\/2026\/04\/logovien.png 544w, https:\/\/distribuidoravien.com.mx\/wp-content\/uploads\/2026\/04\/logovien-300x137.png 300w\" sizes=\"auto, (max-width: 544px) 100vw, 544px\" \/><\/figure>\n<\/div>","protected":false},"excerpt":{"rendered":"<p>Distribuidora VIEN es una empresa Enfocada en la distribuci\u00f3n de Soluciones especializadas para la industria\u00a0\u00a0de la construcci\u00f3n, infraestructura y rehabilitaci\u00f3n Estructural. Trabajamos con productos de alto desempe\u00f1o Dise\u00f1ados para cumplir est\u00e1ndares t\u00e9cnicos exigentes Ofreciendo a nuestros clientes respaldo profesional, Atenci\u00f3n personalizada y respuesta oportuna en cada proyecto. Nuestro enfoque combina conocimiento operativo y visi\u00f3n estrat\u00e9gica, [&hellip;]<\/p>\n","protected":false},"author":1,"featured_media":0,"parent":0,"menu_order":0,"comment_status":"closed","ping_status":"closed","template":"","meta":{"footnotes":""},"class_list":["post-30","page","type-page","status-publish","hentry","post"],"_links":{"self":[{"href":"https:\/\/distribuidoravien.com.mx\/index.php?rest_route=\/wp\/v2\/pages\/30","targetHints":{"allow":["GET"]}}],"collection":[{"href":"https:\/\/distribuidoravien.com.mx\/index.php?rest_route=\/wp\/v2\/pages"}],"about":[{"href":"https:\/\/distribuidoravien.com.mx\/index.php?rest_route=\/wp\/v2\/types\/page"}],"author":[{"embeddable":true,"href":"https:\/\/distribuidoravien.com.mx\/index.php?rest_route=\/wp\/v2\/users\/1"}],"replies":[{"embeddable":true,"href":"https:\/\/distribuidoravien.com.mx\/index.php?rest_route=%2Fwp%2Fv2%2Fcomments&post=30"}],"version-history":[{"count":1,"href":"https:\/\/distribuidoravien.com.mx\/index.php?rest_route=\/wp\/v2\/pages\/30\/revisions"}],"predecessor-version":[{"id":31,"href":"https:\/\/distribuidoravien.com.mx\/index.php?rest_route=\/wp\/v2\/pages\/30\/revisions\/31"}],"wp:attachment":[{"href":"https:\/\/distribuidoravien.com.mx\/index.php?rest_route=%2Fwp%2Fv2%2Fmedia&parent=30"}],"curies":[{"name":"wp","href":"https:\/\/api.w.org\/{rel}","templated":true}]}}